rs of 40433.
40433
List the prime factors of 305130.
2, 3, 5, 7, 1453
What are the prime factors of 1187248?
2, 74203
List the prime factors of 157813.
157813
What are the prime factors of 31033885?
5, 53, 117109
List the prime factors of 1731848.
2, 216481
List the prime factors of 1167692.
2, 291923
What are the prime factors of 89964?
2, 3, 7, 17
List the prime factors of 1067675.
5, 7, 6101
What are the prime factors of 419464?
2, 52433
List the prime factors of 6847353.
3, 19, 23, 1741
List the prime factors of 67909.
59, 1151
What are the prime factors of 59417?
59417
List the prime factors of 20986808.
2, 2623351
List the prime factors of 11197365.
3, 5, 19, 101, 389
List the prime factors of 8030.
2, 5, 11, 73
List the prime factors of 1468687.
11, 31, 59, 73
What are the prime factors of 6481306?
2, 13, 71, 3511
What are the prime factors of 1036876?
2, 259219
List the prime factors of 10188734.
2, 2087, 2441
List the prime factors of 1659030.
2, 3, 5, 17, 3253
What are the prime factors of 14796353?
11, 13, 103471
List the prime factors of 12066569.
179, 67411
What are the prime factors of 9378091?
73, 128467
What are the prime factors of 3082420?
2, 5, 11, 14011
List the prime factors of 2111490.
2, 3, 5, 29, 809
What are the prime factors of 315042?
2, 3, 7, 13, 577
What are the prime factors of 20172238?
2, 1307, 7717
List the prime factors of 451439.
451439
What are the prime factors of 23966209?
17, 29, 173, 281
List the prime factors of 6449009.
7, 921287
What are the prime factors of 27889512?
2, 3, 7, 41, 4049
What are the prime factors of 280054?
2, 31, 4517
List the prime factors of 276261.
3, 71, 1297
List the prime factors of 3767203.
11, 41, 8353
What are the prime factors of 1366600?
2, 5, 6833
What are the prime factors of 14548093?
7, 271, 7669
List the prime factors of 2696230.
2, 5, 269623
What are the prime factors of 1953832?
2, 283, 863
List the prime factors of 3241573.
3241573
List the prime factors of 303952.
2, 11, 157
What are the prime factors of 1613270?
2, 5, 29, 5563
List the prime factors of 182502.
2, 3, 10139
List the prime factors of 2324998.
2, 13, 223, 401
List the prime factors of 6771362.
2, 13, 137, 1901
What are the prime factors of 126152?
2, 13, 1213
What are the prime factors of 3356396?
2, 317, 2647
What are the prime factors of 486533?
19, 29, 883
What are the prime factors of 8289318?
2, 3, 1381553
What are the prime factors of 596373?
3, 269, 739
List the prime factors of 14714.
2, 7, 1051
List the prime factors of 234230.
2, 5, 59, 397
List the prime factors of 12655872.
2, 3, 1831
What are the prime factors of 17369977?
479, 36263
List the prime factors of 903050.
2, 5, 18061
What are the prime factors of 22806901?
13, 1754377
What are the prime factors of 704261?
199, 3539
List the prime factors of 1249603.
1249603
List the prime factors of 5968588.
2, 1492147
List the prime factors of 810065.
5, 19, 8527
List the prime factors of 1658012.
2, 414503
List the prime factors of 9142718.
2, 13, 351643
List the prime factors of 6380731.
7, 107, 1217
List the prime factors of 205410.
2, 3, 5, 41, 167
What are the prime factors of 4748710?
2, 5, 577, 823
What are the prime factors of 1639333?
83, 19751
List the prime factors of 5599069.
7, 17, 47051
List the prime factors of 309546.
2, 3, 29, 593
List the prime factors of 1517496.
2, 3, 53, 1193
What are the prime factors of 312298?
2, 7, 22307
What are the prime factors of 11397388?
2, 373, 7639
List the prime factors of 663017.
17, 43, 907
What are the prime factors of 1341765?
3, 5, 3313
What are the prime factors of 1305836?
2, 7, 149, 313
List the prime factors of 4307966.
2, 13, 67, 2473
What are the prime factors of 6794593?
13, 522661
List the prime factors of 290691.
3, 32299
List the prime factors of 382777.
382777
What are the prime factors of 223908?
2, 3, 47, 397
List the prime factors of 657388.
2, 149, 1103
What are the prime factors of 1083939?
3, 361313
What are the prime factors of 28106097?
3, 439, 21341
What are the prime factors of 183760?
2, 5, 2297
List the prime factors of 7119624.
2, 3, 296651
List the prime factors of 2890307.
7, 412901
List the prime factors of 612498.
2, 3, 31, 37, 89
List the prime factors of 30584588.
2, 7646147
What are the prime factors of 14744824?
2, 67, 27509
What are the prime factors of 11831708?
2, 7, 31, 43, 317
What are the prime factors of 2426442?
2, 3, 283, 1429
What are the prime factors of 189486?
2, 3, 11, 29
List the prime factors of 1488703.
43, 89, 389
List the prime factors of 412845.
3, 5, 17, 1619
List the prime factors of 173360.
2, 5, 11, 197
List the prime factors of 1638569.
1638569
What are the prime factors of 1016865?
3, 5, 59, 383
List the prime factors of 16123794.
2, 3, 691, 3889
What are the prime factors of 2969096?
2, 13, 28549
What are the prime factors of 589281?
3, 7, 11, 2551
What are the prime factors of 820640?
2, 5, 23, 223
What are the prime factors of 766106?
2, 11, 97, 359
List the prime factors of 1535316.
2, 3, 97, 1319
List the prime factors of 9879116.
2, 13, 189983
What are the prime factors of 7583980?
2, 5, 379199
What are the prime factors of 1805400?
2, 3, 5, 17, 59
List the prime factors of 16961866.
2, 43, 127, 1553
List the prime factors of 251826.
2, 3, 19, 47
List the prime factors of 6524426.
2, 1439, 2267
List the prime factors of 4218340.
2, 5, 7, 29, 1039
What are the prime factors of 34688390?
2, 5, 11, 315349
What are the prime factors of 10029888?
2, 3, 11, 1583
List the prime factors of 79788.
2, 3, 61, 109
What are the prime factors of 502365?
3, 5, 107, 313
What are the prime factors of 1528163?
7, 13, 2399
List the prime factors of 11964569.
11964569
What are the prime factors of 22152331?
22152331
What are the prime factors of 3598955?
5, 719791
List the prime factors of 9148785.
3, 5, 19, 47, 683
List the prime factors of 31872463.
7, 4553209
What are the prime factors of 77081?
77081
What are the prime factors of 16129967?
7, 53, 6211
What are the prime factors of 479210?
2, 5, 173, 277
What are the prime factors of 2273631?
3, 17, 109, 409
What are the prime factors of 117770?
2, 5, 11777
List the prime factors of 1854041.
7, 173, 1531
List the prime factors of 8802410.
2, 5, 443, 1987
List the prime factors of 373195.
5, 101, 739
What are the prime factors of 31585?
5, 6317
What are the prime factors of 6661176?
2, 3, 277549
List the prime factors of 327237.
3, 19, 5741
What are the prime factors of 2393240?
2, 5, 19, 47, 67
List the prime factors of 1372860.
2, 3, 5, 29, 263
What are the prime factors of 167467?
17, 9851
What are the prime factors of 1991664?
2, 3, 13831
List the prime factors of 10117319.
257, 39367
What are the prime factors of 580750?
2, 5, 23, 101
What are the prime factors of 608213?
608213
What are the prime factors of 390514?
2, 29, 6733
List the prime factors of 15927618.
2, 3, 7, 89, 4261
List the prime factors of 785482.
2, 392741
List the prime factors of 58808.
2, 7351
List the prime factors of 1894990.
2, 5, 17, 71, 157
What are the prime factors of 2837547?
3, 103, 3061
List the prime factors of 24554788.
2, 103, 107, 557
What are the prime factors of 9900381?
3, 3300127
What are the prime factors of 583481?
583481
List the prime factors of 3161094.
2, 3, 251, 2099
List the prime factors of 794926.
2, 11, 23, 1571
List the prime factors of 1977824.
2, 19, 3253
List the prime factors of 151908.
2, 3, 12659
List the prime factors of 8538897.
3, 37, 43, 1789
What are the prime factors of 46045?
5, 9209
List the prime factors of 808447.
47, 103, 167
List the prime factors of 562517.
562517
What are the prime factors of 148290?
2, 3, 5, 4943
List the prime factors of 1558953.
3, 11, 29, 181
List the prime factors of 1712358.
2, 3, 95131
List the prime factors of 946548.
2, 3, 26293
What are the prime factors of 234683?
234683
What are the prime factors of 3633289?
11, 37, 79, 113
List the prime factors of 1464620.
2, 5, 67, 1093
What are the prime factors of 15601618?
2, 31, 251639
List the prime factors of 2935887.
3, 41, 23869
What are the prime factors of 2028349?
307, 6607
What are the prime factors of 203752?
2, 25469
List the prime factors of 265359.
3, 197, 449
What are the prime fac